n factor of 317 and 214609.
317
Calculate the highest common divisor of 34377 and 2954.
7
Calculate the highest common factor of 45479 and 108332.
511
Calculate the highest common factor of 3150 and 88746.
42
Calculate the highest common factor of 33 and 599027.
11
Calculate the highest common divisor of 43958 and 186.
62
Calculate the highest common divisor of 222 and 2954006.
74
Calculate the greatest common divisor of 377 and 39702.
13
Calculate the highest common factor of 210419 and 2442.
407
What is the highest common divisor of 957096 and 28?
28
What is the highest common factor of 9292 and 1058?
46
Calculate the greatest common factor of 1740851 and 14.
7
What is the greatest common divisor of 621 and 61134?
69
What is the highest common divisor of 5291 and 29341?
481
What is the highest common factor of 988 and 7296?
76
What is the highest common divisor of 11802 and 28?
14
What is the highest common divisor of 1419 and 323059?
473
What is the highest common factor of 667 and 18821?
29
What is the greatest common factor of 26 and 163111?
13
What is the highest common divisor of 650 and 1900?
50
What is the greatest common divisor of 16817 and 1407?
67
What is the greatest common divisor of 705045 and 165?
165
Calculate the greatest common divisor of 370 and 85790.
10
Calculate the greatest common factor of 5504 and 6536.
344
What is the highest common divisor of 155482 and 1614?
538
Calculate the greatest common factor of 4313 and 1387.
19
What is the greatest common factor of 1217298 and 138?
138
Calculate the highest common factor of 80914 and 46.
46
What is the greatest common divisor of 756921 and 165?
33
What is the greatest common factor of 1166 and 384934?
22
What is the greatest common divisor of 428 and 528152?
428
Calculate the highest common factor of 2214 and 391263.
123
Calculate the highest common factor of 182 and 288509.
13
What is the highest common divisor of 6318 and 3406?
26
What is the highest common factor of 156 and 28665?
39
What is the highest common factor of 1 and 5376?
1
What is the highest common divisor of 4968 and 10856?
184
Calculate the highest common divisor of 183828 and 12.
12
What is the greatest common divisor of 1863 and 339687?
621
What is the highest common divisor of 28060 and 18239?
1403
Calculate the greatest common divisor of 56 and 50638.
14
What is the greatest common factor of 229752 and 1224?
72
Calculate the greatest common divisor of 1673 and 133.
7
Calculate the highest common divisor of 168 and 118188.
84
Calculate the highest common divisor of 6 and 108921.
3
What is the highest common factor of 154 and 11942?
14
What is the highest common factor of 118745 and 510?
85
Calculate the greatest common factor of 3007 and 161510.
31
Calculate the greatest common divisor of 6088 and 148.
4
Calculate the greatest common factor of 45774 and 558.
18
Calculate the greatest common factor of 197889 and 12.
3
Calculate the greatest common divisor of 102 and 766836.
102
Calculate the greatest common divisor of 117204 and 12.
12
What is the highest common factor of 804 and 111220?
268
What is the greatest common factor of 13 and 795561?
13
Calculate the highest common factor of 834996 and 2980.
596
Calculate the greatest common divisor of 4510298 and 26.
26
Calculate the greatest common factor of 12878 and 14659.
137
What is the greatest common divisor of 16 and 2908?
4
Calculate the greatest common factor of 135276 and 96.
12
Calculate the greatest common factor of 9870 and 90.
30
What is the highest common divisor of 255489 and 949?
13
What is the greatest common factor of 609210 and 1260?
630
Calculate the greatest common divisor of 955 and 124723.
191
Calculate the highest common factor of 629 and 185.
37
Calculate the greatest common divisor of 10 and 11810870.
10
What is the greatest common factor of 7420 and 5035?
265
What is the highest common divisor of 1593768 and 1584?
264
Calculate the greatest common factor of 445 and 4895.
445
Calculate the highest common divisor of 15379 and 312.
13
What is the greatest common factor of 1003 and 276061?
59
What is the highest common factor of 345 and 12675?
15
What is the highest common divisor of 880 and 33715?
55
Calculate the highest common factor of 523108 and 8.
4
What is the greatest common divisor of 29274 and 510?
102
Calculate the greatest common divisor of 476 and 69076.
28
What is the greatest common factor of 117 and 120224?
13
What is the greatest common factor of 1664 and 24284?
52
Calculate the highest common divisor of 2626 and 9334.
26
What is the greatest common factor of 2241 and 307515?
249
What is the greatest common factor of 88508 and 1421?
203
What is the greatest common divisor of 37752 and 88?
88
Calculate the greatest common divisor of 2050 and 1925.
25
Calculate the greatest common factor of 2416 and 4720.
16
Calculate the highest common factor of 2727049 and 1157.
1157
Calculate the highest common divisor of 3948 and 167916.
84
What is the highest common factor of 1666 and 2338231?
833
What is the highest common factor of 40 and 5170670?
10
Calculate the greatest common divisor of 60 and 690.
30
Calculate the greatest common divisor of 504 and 120204.
252
What is the greatest common divisor of 182 and 159824?
14
What is the greatest common divisor of 335920 and 1248?
208
What is the highest common divisor of 312 and 83954?
26
Calculate the greatest common factor of 4992 and 148.
4
Calculate the highest common factor of 20 and 37430.
10
Calculate the greatest common divisor of 791 and 39776.
113
What is the highest common factor of 6392 and 1768?
136
Calculate the greatest common divisor of 379410 and 60.
30
What is the greatest common divisor of 26363 and 4501?
643
Calculate the greatest common factor of 459 and 490563.
27
Calculate the greatest common factor of 1 and 7993.
1
Calculate the highest common factor of 1560 and 226680.
120
What is the highest common factor of 6722541 and 126?
63
What is the greatest common factor of 330 and 913650?
30
Calculate the greatest common divisor of 70595 and 35.
35
Calculate the greatest common divisor of 386662 and 206.
206
Calculate the highest common factor of 678 and 715629.
339
Calculate the greatest common factor of 6994 and 11029.
269
Calculate the greatest common divisor of 208 and 431236.
52
Calculate the highest common divisor of 4088 and 15736.
56
What is the greatest common factor of 8264 and 48?
8
Calculate the highest common factor of 1342 and 55144.
122
Calculate the greatest common divisor of 353 and 2433229.
353
Calculate the greatest common factor of 11412 and 11729.
317
What is the greatest common divisor of 7742 and 6320?
158
What is the highest common divisor of 547 and 9340025?
547
Calculate the greatest common divisor of 23 and 174202.
23
What is the greatest common divisor of 12877 and 3713?
79
What is the highest common factor of 17847 and 79981?
661
What is the highest common factor of 2520 and 723555?
315
What is the highest common divisor of 110553 and 430?
43
Calculate the highest common divisor of 1197 and 266399.
133
Calculate the highest common divisor of 342 and 27.
9
What is the highest common divisor of 70 and 4833185?
35
What is the greatest common factor of 74 and 3028191?
37
Calculate the highest common factor of 7821 and 23859.
99
What is the highest common factor of 577066 and 70?
14
Calculate the highest common factor of 1 and 918626.
1
What is the highest common divisor of 147053 and 1228?
307
What is the greatest common factor of 585108 and 288?
36
Calculate the highest common factor of 9184 and 7280.
112
Calculate the highest common factor of 13980379 and 1099.
1099
What is the highest common factor of 4991 and 3542?
161
What is the highest common divisor of 390 and 7290?
30
Calculate the greatest common divisor of 18678 and 616.
22
What is the greatest common divisor of 135 and 572535?
135
What is the greatest common divisor of 6840 and 24120?
360
Calculate the highest common factor of 19 and 639749.
19
Calculate the highest common factor of 30 and 26090.
10
Calculate the highest common divisor of 141112 and 806.
62
Calculate the highest common factor of 28 and 88888.
4
Calculate the greatest common factor of 114062 and 52.
26
Calcul